
-103
Let r(w) = w**2 - 5*w - 2. Determine r(-5).
48
Let c(h) = -h - 28. Determine c(-13).
-15
Let a(r) = r**2 - 2*r - 20. Calculate a(-4).
4
Let o(z) = -z**3 + 30*z**2 - 19. Calculate o(30).
-19
Let f(p) = -2*p**2 - 15*p + 6. Calculate f(-8).
-2
Let d(s) = -2*s + 30. Calculate d(14).
2
Let j(i) = -i**2 - 8*i + 71. Determine j(5).
6
Let f(d) = -2*d - 11. Calculate f(-10).
9
Let u(t) = -t**3 - t**2 + 3*t - 3. Calculate u(2).
-9
Let w(s) = s**3 + 7*s**2 + 9*s + 7. Determine w(-5).
12
Let z(v) = -v**3 - 9*v**2 - 6*v + 5. Calculate z(-7).
-51
Let m(q) = -12*q**3 - q**2 - q + 1. Give m(1).
-13
Let s(x) = x**2 + 4*x + 6. Give s(-3).
3
Let p(x) = -5*x**2 + 332*x - 133. Calculate p(66).
-1
Let z(y) = -2*y**2 - 3*y + 61. Determine z(-6).
7
Let p(b) = -b**3 + 35*b**2 + 37*b - 32. Give p(36).
4
Let h(m) = 22*m + 3. Calculate h(5).
113
Let c(j) = -j**2 + 3*j + 7. Calculate c(8).
-33
Let d(b) = -b**2 - b + 6. Give d(5).
-24
Let m(u) = 3*u - 90. Calculate m(29).
-3
Let f(s) = s**3 - 8*s**2 - 8*s. What is f(9)?
9
Let c(z) = 10*z - 25. Calculate c(7).
45
Let n(b) = -5*b - 3. Determine n(4).
-23
Let k(o) = -o**2 + 7. Calculate k(6).
-29
Let h(p) = 2*p**2 - 24. Calculate h(6).
48
Let j(r) = 61*r**2 + 2*r + 1. What is j(-1)?
60
Let n(s) = -s**3 + 2*s**2 + 5*s - 5. Calculate n(2).
5
Let x(y) = -37*y**3 - y**2 - 3*y + 3. Give x(1).
-38
Let q(t) = -3*t**2 + 6*t + 4. Calculate q(2).
4
Let j(d) = -d - 1. Determine j(-1).
0
Let j(o) = -2*o**3 + 7*o**2 - 8*o. Give j(2).
-4
Let z(y) = -y**3 - y**2 + 4*y + 1. What is z(2)?
-3
Let p(k) = k**2 - 6*k + 4. Determine p(4).
-4
Let f(j) = -3*j**2 - 64*j + 7. Determine f(-20).
87
Let t(d) = 2*d**2 + 7*d + 7. Give t(-4).
11
Let o(p) = 2*p**2 + 18*p + 7. What is o(-9)?
7
Let b(c) = 4*c + 19. Determine b(-5).
-1
Let m(g) = 4*g**2 - 7*g + 5. Calculate m(5).
70
Let d(u) = u**3 - 23*u**2 - 4*u + 38. Calculate d(23).
-54
Let z(p) = p**2 + 5*p + 1. Determine z(4).
37
Let k(u) = -9*u - 7. What is k(-4)?
29
Let p(r) = 3*r**3 - r**2 - 3*r + 3. Give p(2).
17
Let l(q) = -q + 2. Calculate l(0).
2
Let h(v) = -4*v**2 + 28. Determine h(-3).
-8
Let q(j) = -14*j**3 + 2*j**2 + 12*j - 13. Determine q(1).
-13
Let u(i) = i**2 - 27*i + 77. Give u(24).
5
Let h(w) = w**2 + 6*w - 3. Give h(-5).
-8
Let b(d) = d**2 - 10*d + 22. Determine b(6).
-2
Let r(k) = 23*k - 19. Calculate r(2).
27
Let o(n) = -2*n + 44. What is o(9)?
26
Let j(a) = a**3 - 9*a**2 + 6*a - 13. Give j(3).
-49
Let z(v) = v**3 - 14*v**2 + 12*v + 11. Determine z(13).
-2
Let p(g) = 4*g. Calculate p(-6).
-24
Let r(g) = 11*g - 2. What is r(-3)?
-35
Let n(k) = 7*k - 132. Give n(20).
8
Let a(w) = w**3 + 23*w**2 - 22*w + 54. Give a(-24).
6
Let x(q) = q**2 + 4*q + 8. Give x(-3).
5
Let s(a) = a**2 + 6*a - 2. Calculate s(-7).
5
Let g(n) = -n**3 + 13*n**2 - 33*n + 4. Give g(9).
31
Let w(h) = -3*h**3 - 3*h**2 + h - 1. Determine w(2).
-35
Let v(j) = -j**3 - 4*j**2 - 5*j - 46. What is v(-5)?
4
Let k(f) = 3*f**3 + f**2 + 2*f + 4. What is k(-2)?
-20
Let x(a) = 12*a**3 + 2*a**2 + a + 2. Determine x(-1).
-9
Let q(v) = 2*v**3 + 2*v**2 - v - 2. Determine q(-2).
-8
Let s(i) = i**2 + i + 13. Calculate s(6).
55
Let b(k) = 4*k**3 + 6*k**2 + 2*k - 1. Determine b(-2).
-13
Let m(c) = c - 2. What is m(-6)?
-8
Let j(y) = 3*y**3 + y**2 + 3*y - 7. Calculate j(3).
92
Let p(j) = -j**3 - 8*j**2 + 24*j + 45. Give p(-10).
5
Let m(z) = -z**3 + 15*z**2 + 11*z + 75. What is m(16)?
-5
Let c(x) = -x**2 - 5*x + 10. Determine c(-5).
10
Let g(s) = -s**3 - 4*s**2 + 10*s - 3. Calculate g(-6).
9
Let b(q) = q**2 + 15*q + 86. Calculate b(-7).
30
Let a(t) = 3*t**2 - 7*t + 1. Calculate a(3).
7
Let k(x) = x**3 + 2*x**2 + 3*x. Determine k(-2).
-6
Let c(r) = -r + 21. Determine c(12).
9
Let n(g) = 3*g + 35. What is n(-16)?
-13
Let c(s) = -s**2 - 19*s - 49. What is c(-19)?
-49
Let o(y) = -18*y**2 + 2*y - 1. What is o(1)?
-17
Let y(d) = -27*d - 2. Calculate y(1).
-29
Let g(p) = p**2 + 5*p - 88. Calculate g(-12).
-4
Let q(a) = 7*a - 13. Calculate q(6).
29
Let k(b) = 2*b + 175. Calculate k(0).
175
Let x(d) = -3*d - 6. Give x(-6).
12
Let u(a) = 4*a**3 + a. What is u(1)?
5
Let c(g) = g**2 + 12*g + 12. Calculate c(-10).
-8
Let p(j) = -28*j - 3. Calculate p(1).
-31
Let a(t) = 11*t. Give a(-4).
-44
Let m(u) = u**2 - 9*u - 14. Give m(11).
8
Let v(s) = 2*s + 9. What is v(0)?
9
Let u(f) = f**2 + 10*f + 8. What is u(-6)?
-16
Let n(z) = -8*z + 15. Determine n(8).
-49
Let p(x) = -x + 14. Calculate p(8).
6
Let o(g) = -3*g**2 + 41*g + 1. Calculate o(14).
-13
Let m(v) = -4*v**2 + 6*v + 1. Determine m(4).
-39
Let j(h) = -3*h**3 - 3*h**2 + 8*h + 2. Give j(-4).
114
Let b(c) = -c**3 + 8*c**2 - 4. Determine b(8).
-4
Let u(t) = 2*t**2 - t - 9. Give u(-2).
1
Let t(m) = -2*m**2 + 38*m - 24. What is t(18)?
12
Let p(t) = -t**3 + 6*t**2 - t - 6. What is p(5)?
14
Let d(r) = -3*r**2 + 19*r + 12. What is d(7)?
-2
Let m(k) = -k**3 + 8*k**2 - 9*k + 5. What is m(6)?
23
Let o(d) = d**2 + 2*d + 1. Calculate o(-8).
49
Let o(q) = -q**3 + 7*q**2 - q + 7. Determine o(7).
0
Let a(p) = p**2 - p - 7. Give a(-2).
-1
Let q(y) = -2*y - 1. Determine q(17).
-35
Let b(y) = -7*y**2 + 50*y - 7. Calculate b(7).
0
Let h(x) = 2*x**3 - 3*x**2 - 9*x - 7. Determine h(-3).
-61
Let a(j) = -3*j**2 - 4*j + 2. Determine a(4).
-62
Let i(r) = r**3 - 3*r**2 - 3*r + 2. Calculate i(1).
-3
Let i(p) = -7*p + 75. What is i(0)?
75
Let z(j) = 14*j - 99. Give z(5).
-29
Let q(j) = -4*j - 30. Calculate q(-9).
6
Let u(o) = o - 1. Determine u(5).
4
Let a(o) = -2*o**2 + 8*o - 7. Determine a(6).
-31
Let w(x) = 2*x + 61. What is w(-26)?
9
Let o(i) = 2*i + 49. Give o(-13).
23
Let i(y) = -4*y**2 - 3*y - 3. Calculate i(-5).
-88
Let h(f) = -f**3 - 15*f**2 - 16*f - 36. Give h(-14).
-8
Let i(f) = f**3 + 3*f**2 + f - 5. Determine i(-3).
-8
Let h(c) = -5*c**3 - 5*c**2 + 3*c + 1. Calculate h(1).
-6
Let c(j) = -11*j**2 + 3*j + 17. Give c(-2).
-33
Let i(p) = p**2 - 6. Calculate i(0).
-6
Let z(g) = 4*g**2 + 11*g + 31. Calculate z(-4).
51
Let j(t) = -4*t**3 - 3*t + 6. What is j(-3)?
123
Let s(v) = -2*v**3 - 3*v**2 + 3*v + 2. Give s(-3).
20
Let a(w) = 65*w - 1889. What is a(29)?
-4
Let w(m) = m**2 - 36*m + 45. Give w(36).
45
Let b(d) = 17*d**2 + 2*d + 1. Calculate b(-1).
16
Let v(w) = 2*w - 8. Determine v(6).
4
Let c(f) = -3*f - 39. Give c(-14).
3
Let d(s) = 2*s**2 - s - 14. Calculate d(0).
-14
Let i(v) = -v**3 - 3*v**2 + v + 1. Give i(2).
-17
Let s(u) = -2*u - 14. Determine s(-10).
6
Let g(n) = -30*n + 90. Give g(4).
-30
Let z(f) = 81*f + 66. Give z(-1).
-15
Let k(y) = y**3 + 8*y**2 - 7*y + 14. Give k(-9).
-4
Let g(v) = -v**3 - 9*v**2 + 12*v + 8. Determine g(-10).
-12
Let w(b) = b - 3. Determine w(-12).
-15
Let k(t) = t**3 + 29*t**2 + 24*t - 115. Determine k(-28).
-3
Let t(v) = v**3 - 8*v**2 - 10*v + 9. Determine t(9).
0
Let x(m) = -12*m + 3. Calculate x(-3).
39
Let w(f) = f**2 - 49*f - 46. Determine w(50).
4
Let t(i) = -i**3 - 28*i**2 + 20*i - 255. What is t(-29)?
6
Let x(w) = w. Give x(2).
2
Let q(m) = 22*m**2 - 246*m + 7. What is q(11)?
-37
Let a(u) = u**3 - 10*u**2 + 29*u - 100. Determine a(8).
4
Let c(f) = -3*f - 34. Calculate c(-10).
-4
Let c(y) = -y**3 - 7*y**2 - 2*y - 10. What is c(-7)?
4
Let w(a) = -7*a - 18. What is w(6)?
-60
Let x(s) = 2*s**3 + 4*s**2 + 2*s + 3. Give x(-3).
-21
Let k(v) = v**3 - 6*v**2 + 4*v - 7. Calculate k(4).
-23
Let k(r) = 2*r**3 - 4*r. Determine k(-3).
-42
Let j(y) = 31*y - 1. What is j(1)?
30
Let x(c) = c**2 - 14*c - 182. Give x(-8).
-6
Let m(x) = -x**2 - 6*x + 4. Calculate m(-5).
9
Let y(u) = -u**3 + u**2 + 6*u + 1. Give y(5).
-69
Let j(u) = -2*u**2 + u + 45. Determine j(7).
-46
Let f(n) = 2*n - 52. Give f(21).
-10
Let p(u) = 30*u + 4. What is p(-3)?
-86
Let g(j) = -45*j + 133. Calculate g(3).
-2
Let x(w) = -28*w + 3. Determine x(-3).
87
Let z(p) = -p**2 + p + 2. What is z(0)?
2
Let u(r) = -r**3 - 13*r**2 + 20*r + 255. Give u(-13).
-5
Let y(w) = -6*w + 30. What is y(5)?
0
Let y(d) = -d**3 - 10*d**2 - 2*d + 8. Calculate y(-10).
28
Let n(v) = -136*v**2 + 7*v - 6. Calculate n(1).
-135
Let t(q) = -q**3 - q**2 + 2*q - 1. Calculate t(-2).
-1
Let r(t) = -3*t + 18. What is r(10)?
-12
Let c(f) = -8*f + 1. Determine c(-1).
9
Let k(g) = -17*g - 62. Give k(-4).
6
Let n(j) = 3*j**2 - 20*j + 3. What is n(6)?
-9
Let k(g) = 4*g**3 + 4*g**2 - 4*g + 1. What is k(2)?
41
Let g(x) = 5*x - 42. Give g(-13).
-107
Let r(v) 